 14*w - 3. Calculate o(-15).
-18
Let b(a) = -a**3 + 6*a**2 - 13*a + 71. Calculate b(6).
-7
Let f(b) = 9*b - 4. What is f(3)?
23
Let x(a) = -a**3 + 9*a - 6. Determine x(3).
-6
Let c(a) = a + 12. Give c(0).
12
Let u(a) = -3*a + 23. Give u(6).
5
Let d(i) = -i**2 - 6*i + 22. Calculate d(-10).
-18
Let m(s) = 8*s**3 + s**2 - 3*s - 2. Give m(-2).
-56
Let r(x) = -x**2 + x + 3. What is r(6)?
-27
Let n(w) = -6*w**2 + 3*w + 10. Determine n(-2).
-20
Let o(k) = k**2 - 2*k - 7. Determine o(-5).
28
Let s(i) = i**2 - 8*i - 7. Give s(8).
-7
Let l(m) = -m**2 - 11*m - 22. Calculate l(-6).
8
Let m(g) = -11*g**2 + 11*g + 11. Calculate m(-1).
-11
Let z(r) = -r**2 + 14*r + 24. Calculate z(15).
9
Let o(t) = -2*t - 2. Calculate o(-1).
0
Let t(c) = -6*c + 4. Give t(0).
4
Let h(m) = -2*m**2 - 6*m - 4. What is h(-4)?
-12
Let b(k) = -15*k**2. Determine b(1).
-15
Let x(i) = 3*i + 123. What is x(-43)?
-6
Let n(k) = k**3 - 2*k**2 + 4*k - 2. Determine n(3).
19
Let y(c) = -c**3 - 13*c**2 - 17*c - 13. Determine y(-11).
-68
Let h(d) = 10*d - 102. What is h(9)?
-12
Let t(z) = z**2 - 19*z - 19. Determine t(21).
23
Let n(v) = v**2 + 14*v + 26. Give n(-10).
-14
Let f(n) = -37*n + 6. What is f(2)?
-68
Let q(t) = -t**2 + 9*t - 3. Give q(8).
5
Let q(i) = -12*i - 18. Calculate q(-2).
6
Let o(b) = 18*b**2 + 2*b - 2. Give o(1).
18
Let t(n) = -n**3 - 51*n**2 - n - 75. Determine t(-51).
-24
Let s(w) = -w - 19. What is s(-5)?
-14
Let m(f) = -17*f**3 + f**2 - 1. What is m(-1)?
17
Let m(v) = v - 7. Determine m(-6).
-13
Let a(m) = -m**3 - 22*m**2 - 22*m - 26. Give a(-21).
-5
Let k(w) = 2*w**2 - 15*w + 8. Calculate k(11).
85
Let k(f) = -23*f**2 - 3*f + 3. Give k(1).
-23
Let q(g) = g**2 + 6*g - 6. Give q(-8).
10
Let b(u) = -3*u**2 - 65*u + 34. Give b(-22).
12
Let t(q) = q - 24. Give t(10).
-14
Let k(m) = -44*m + 9. Calculate k(0).
9
Let c(l) = -l**3 - 14*l**2 - 17*l - 15. What is c(-12)?
-99
Let l(a) = 15*a - 5. Give l(6).
85
Let y(g) = 9*g**2 + 1. What is y(1)?
10
Let b(r) = -r**2 - 41*r + 187. Give b(-45).
7
Let y(o) = o + 9. Calculate y(-6).
3
Let k(u) = 2*u**2 - 66*u - 86. Calculate k(34).
-18
Let a(n) = n**3 + 13*n**2 + 17*n + 63. Determine a(-12).
3
Let f(j) = 15*j + 7. Determine f(-4).
-53
Let v(t) = t**2 + 6*t - 15. What is v(-6)?
-15
Let l(z) = -2*z**3 - 19*z**2 - 8*z - 5. Give l(-9).
-14
Let n(d) = -126*d + 6. Calculate n(-1).
132
Let l(r) = -r**2 - 26*r - 26. Determine l(-16).
134
Let o(t) = -3*t + 3. What is o(-4)?
15
Let k(b) = -b**3 - 12*b**2 - 13*b - 12. Give k(-11).
10
Let b(m) = 8*m**3 - 3*m**2 + 7*m - 9. What is b(2)?
57
Let w(c) = 27*c**2 - 4*c + 4. Give w(1).
27
Let d(i) = -2*i**2 + 17*i - 47. Determine d(4).
-11
Let j(t) = 8*t - 65. What is j(16)?
63
Let u(r) = 11*r**2 - 3*r - 1. What is u(-2)?
49
Let a(r) = 2*r**2 + 9*r. Give a(-5).
5
Let d(c) = -c**3 + 18*c**2 - 43*c - 6. Calculate d(15).
24
Let w(m) = -m**3 + 29*m**2 + 60*m + 75. Calculate w(31).
13
Let a(i) = i**2 + 10*i + 37. Determine a(-7).
16
Let p(k) = -k**2 + 15*k - 35. Give p(13).
-9
Let h(k) = -k**3 - 2*k**2 + k - 1. Calculate h(-4).
27
Let j(z) = -z**2 + 2*z + 10. Calculate j(6).
-14
Let w(b) = -24*b**3 + 2*b**2 + 3*b + 2. Determine w(-1).
25
Let h(v) = v**2 - 9*v - 7. Determine h(9).
-7
Let f(z) = 49*z**3 + 2*z**2. Give f(-1).
-47
Let q(v) = 2*v - 17. Give q(5).
-7
Let o(w) = -w**3 - 13*w**2 + 9*w + 11. Calculate o(-14).
81
Let h(x) = x**3 + x**2 + x + 33. Give h(0).
33
Let q(l) = -8*l + 16. What is q(-7)?
72
Let a(d) = d**2 + 2*d - 5. What is a(-5)?
10
Let y(t) = -2*t**3 + 8*t**2 + 6*t - 19. Give y(4).
5
Let h(x) = 4*x + 1. What is h(-8)?
-31
Let w(h) = h**3 - 16*h**2 + 27*h + 10. Determine w(14).
-4
Let n(m) = m**3 + 15*m**2 + 54*m + 1. Determine n(-8).
17
Let g(y) = 73*y**3 + 2*y**2 + y - 2. Determine g(1).
74
Let g(d) = -d**3 + 11*d**2 - 8*d - 22. Give g(10).
-2
Let j(c) = c**3 + 13*c**2 + 6*c - 1. Determine j(-13).
-79
Let a(z) = 3*z**2 + 4*z + 5. What is a(-2)?
9
Let j(o) = -o**3 - 5*o**2 + 7*o. What is j(-5)?
-35
Let l(t) = -31*t - 81. What is l(-3)?
12
Let x(d) = d**3 + 5*d**2 - d - 8. What is x(-4)?
12
Let u(d) = d**2 + 15*d - 33. Determine u(-17).
1
Let t(r) = r**2 + 14*r - 12. Calculate t(-15).
3
Let j(q) = -2*q**3 + 57*q**2 + 31*q - 57. Calculate j(29).
1
Let g(k) = 13*k + 133. Determine g(-10).
3
Let k(y) = -y**3 - 12*y**2 - 12*y - 20. Give k(-11).
-9
Let f(r) = -r**2 - 6*r + 4. Determine f(-6).
4
Let p(v) = 5*v**2 + 3*v - 1. What is p(-5)?
109
Let v(g) = -g**3 - 9*g**2 - 10. What is v(-9)?
-10
Let t(n) = -n + 54. Give t(28).
26
Let a(v) = v**3 + 4*v**2 - 8*v - 23. Determine a(-2).
1
Let c(y) = y - 15. Determine c(-12).
-27
Let l(z) = z**2 + z - 4. Calculate l(2).
2
Let y(u) = 2*u + 14. Determine y(8).
30
Let w(y) = -11*y**2 + 64*y - 1. Calculate w(6).
-13
Let h(j) = -4*j - 101. What is h(-15)?
-41
Let y(n) = -n**3 - 14*n**2 + 7*n + 16. What is y(-14)?
-82
Let h(f) = 6*f**2 + 1. Give h(-1).
7
Let k(l) = 5*l - 280. Determine k(55).
-5
Let y(k) = -k**3 + 18*k**2 - 2*k + 10. Calculate y(18).
-26
Let k(t) = 17*t + 5. Determine k(0).
5
Let l(w) = w**3 - 9*w**2 - 2*w + 3. Calculate l(9).
-15
Let u(q) = -3*q + 78. Give u(24).
6
Let j(d) = -2*d**2 + 24*d - 21. Calculate j(11).
1
Let a(h) = h - 14. Give a(7).
-7
Let j(a) = a**3 + 8*a**2 + 8*a + 5. Give j(-7).
-2
Let g(h) = -h**2 + 2*h + 8. Calculate g(7).
-27
Let m(o) = -o**2 - 8*o + 17. Give m(2).
-3
Let o(g) = g**2 + 6*g - 21. Give o(-8).
-5
Let z(n) = -n + 95. What is z(0)?
95
Let k(x) = x**3 + 3*x**2 + 2*x + 2. Give k(-2).
2
Let v(n) = -2*n**2 - 23*n + 17. Give v(-10).
47
Let p(x) = -x**2 - 10*x - 9. What is p(-7)?
12
Let a(m) = 7*m + 1. Determine a(4).
29
Let l(p) = p**2 + 8*p + 4. Give l(-7).
-3
Let g(w) = w**3 - 10*w**2 + 7*w - 8. Calculate g(10).
62
Let h(c) = c**2 + 27*c + 71. What is h(-24)?
-1
Let f(j) = 2*j**2 + 19*j + 22. Give f(-8).
-2
Let o(i) = i**3 + 19*i**2 + 23*i + 44. Calculate o(-18).
-46
Let i(x) = x - 25. Determine i(16).
-9
Let h(i) = i**2 + 11*i - 5. What is h(-11)?
-5
Let t(s) = s**2 - 7*s + 3. Determine t(6).
-3
Let i(o) = o**3 - 5*o**2 + 4*o - 6. Calculate i(4).
-6
Let i(c) = -c - 23. What is i(0)?
-23
Let i(v) = -v**3 + 4*v + 37. Give i(0).
37
Let n(x) = -3*x - 26. Calculate n(-7).
-5
Let n(d) = -d**2 + d + 16. What is n(3)?
10
Let s(p) = -p**2 + 7*p - 13. What is s(9)?
-31
Let s(r) = r**2 - 56*r + 487. Calculate s(45).
-8
Let q(f) = f**2 + 4*f - 5. Determine q(-3).
-8
Let q(x) = x**2 + 12*x + 31. Calculate q(-10).
11
Let q(m) = -m**2 + 6*m + 7. Give q(7).
0
Let a(v) = -v - 83. What is a(10)?
-93
Let v(j) = j**2 - j. What is v(1)?
0
Let y(j) = 2*j**2 + 101*j + 216. Give y(-48).
-24
Let h(l) = -3*l + 13. What is h(9)?
-14
Let t(q) = 2*q**2 - 3*q - 17. What is t(5)?
18
Let n(u) = -u**3 - 12*u**2 + 17*u + 40. What is n(-13)?
-12
Let w(v) = v - 37. Determine w(11).
-26
Let h(i) = -i**2 + 24*i + 18. Give h(24).
18
Let w(l) = l**2 - 10*l - 11. Determine w(11).
0
Let n(k) = 2*k - 12. Give n(4).
-4
Let p(r) = -r**2 - 8*r + 52. What is p(-13)?
-13
Let c(o) = 8*o - 1. Give c(2).
15
Let r(l) = -l**3 + l**2 + 6*l. Give r(3).
0
Let k(o) = -32*o**3 + 2*o**2 - 1. Calculate k(1).
-31
Let r(m) = m**3 + 30*m**2 + 52*m - 100. Determine r(-28).
12
Let q(a) = -a**2 - 2*a + 14. Give q(0).
14
Let i(l) = 2*l**2 - 12*l + 7. Calculate i(5).
-3
Let h(t) = -3*t**2 - 32*t - 12. Determine h(-10).
8
Let k(s) = s**2 - 7*s + 7. Determine k(6).
1
Let g(p) = -p**2 - 20*p + 17. Give g(-17).
68
Let t(n) = -n**3 + 6*n**2 + 19*n - 20. What is t(8)?
4
Let o(c) = -c**3 + 9*c**2 + 6. What is o(9)?
6
Let n(j) = -26*j**3 + 3. Give n(-2).
211
Let u(l) = l**3 + 5*l**2 + 5*l - 3. What is u(-3)?
0
Let z(g) = -g**2 + 16*g - 31. Determine z(14).
-3
Let t(v) = v**2 - 14*v + 3. Determine t(17).
54
Let l(r) = -r**3 - 3*r**2 + 4*r + 3. Calculate l(-2).
-9
Let n(t) = t**3 - 2*t**2 - t - 16. Calculate n(3).
-10
Let y(j) = -j**3 + 4*j**2 + 6*j - 3. Calculate y(4).
21
Let j(t) = -t - 21. Calculate j(-8).
-13
Let r(s) = s - 4. Calculate r(3).
-1
Let x(u) = u - 9. Give x(-19).
-28
Let g(w) = w - 15. Calculate g(12).
-3
Let g(r) = 6*r + 1. Give g(-4).
-23
Let q(n) = 4*n**2 - 11*n + 5. Give q(4).
25
Let a(i) = -i**3 - 7*i**2 + 12*i + 6. Calculate a(-8).
-26
Let a(n) = -15*n**3 + 3*n**2 + 4*n + 2. What is a(-1)?
16
Let b(o) = -o**3 + 6*o**2 - 2*o + 4. Give b(4).
28
Let s(a) = a**3 - 7*a